 0 - (-4)/1. Suppose -t*p - 238 + 974 = z. List the prime factors of p.
2, 23
Let d(g) = 14*g + 9*g - 22*g + 11. Let o be d(-7). Suppose -2*b + 212 - 64 = -o*x, -5*x = b - 74. List the prime factors of b.
2, 37
Suppose 0*y = 4*y - 20. Suppose 0*r - 5*f + 25 = 5*r, 20 = -y*r + 4*f. List the prime factors of 3 + (r - 3) + (-640)/(-5).
2
Let s(y) = -7*y**2 - 6. Let b(a) = -3*a**2 - 3. Let o(t) = 5*b(t) - 3*s(t). Suppose 24*z - 20 = 19*z. What are the prime factors of o(z)?
3, 11
Let o(m) = -m**2 + 9*m + 51. Let k be o(13). What are the prime factors of (1115 + k + -4)*(-6)/(-15)?
2, 3, 37
Let w = 42 + -24. Let t = -603 + 709. Suppose 0 = -f - w + t. What are the prime factors of f?
2, 11
Let j(g) = -183*g + 3373. List the prime factors of j(-6).
17, 263
Suppose 43*s - 45*s + 22 = 0. Suppose 11 = t - f - s, -4*t + f = -91. List the prime factors of t.
23
Let k = 44717 + 7387. What are the prime factors of k?
2, 3, 13, 167
Let x(p) = -p**3 + 21*p**2 + 16*p + 25. Let a be x(19). Let j = a + -697. List the prime factors of j.
2, 3, 59
What are the prime factors of -9 - 9612/81*4599/(-6)?
103, 883
Let a = -101 + 97. Let s(m) = -19*m + 48. Let g(y) = -19*y + 48. Let i(q) = a*s(q) + 3*g(q). What are the prime factors of i(5)?
47
Let l be 4246/(-14)*-3 - 5/(-35). Let h = l + -410. List the prime factors of h.
2, 5
Let o = 42 - 40. Suppose o*f + 4*u - 122 = -0*u, -3*f + 5*u + 172 = 0. Suppose 0 = 2*m - 3*y - 118, m - y = -4*y + f. What are the prime factors of m?
59
Suppose -2*m + 2051 = -5*p - 1998, 4*p = -4*m + 8028. Let n = m - 12. List the prime factors of n.
2, 5
Suppose -2*u = 9*u + 11. Let v(o) = -130*o**3 - o**2 - o + 1. What are the prime factors of v(u)?
131
Let n be (-57)/38*(-4)/3. Let u be 6/30 + (-19)/(-5). Suppose u*x = -3*m + n*x + 228, -4*m = 4*x - 304. What are the prime factors of m?
2, 19
Let l(x) = -2328*x - 1660. What are the prime factors of l(-7)?
2, 3659
Suppose -4*h + 13 - 22 = 5*n, 2*h + 4*n = 0. Let j(w) = -3*w**3 - 5*w**2 + 8. List the prime factors of j(h).
2, 7, 17
Suppose -6 = k - 27. Suppose -3*r = 1 + 5, -k = -3*d + 3*r. Suppose d*u - i = 217, i = u - 2*u + 41. List the prime factors of u.
43
List the prime factors of (40 - -2)*(-9 + ((-6580)/(-12) - -1)).
2, 7, 1621
Let g = 192 - 282. What are the prime factors of 20/g - (-3350)/9?
2, 3, 31
Let n(f) = 4*f**2 + 13*f + 4. Let q be n(-6). Let t be ((-20)/7 - 10/q) + -64. What are the prime factors of (-4)/(8/20 + t/155)?
2, 31
Let a = -18 + 20. Suppose -a*i = 12 - 10. What are the prime factors of i/1*(-645)/15?
43
Let h = -3700 - -5563. Suppose -6*p + h - 123 = 0. What are the prime factors of p?
2, 5, 29
Suppose -378*d + 582896 = -310*d. List the prime factors of d.
2, 2143
Suppose -1933 = -3*k - i + 4917, k - i = 2278. List the prime factors of k.
2, 7, 163
Let h(i) = 18*i**2 - 1490*i - 57. List the prime factors of h(85).
3343
Let n be 16/(-30)*(-25)/(-10)*-3. Suppose -196 = -2*q - 3*q + n*f, -2*f = q - 42. What are the prime factors of q?
2, 5
Suppose 4*d + 7*d - 4373 = 6561. List the prime factors of d.
2, 7, 71
Let z be -2*(-1604)/20 - (-14)/(-35). Suppose z = 2*i - 706. List the prime factors of i.
433
Suppose 3*i = l - 365, -3*i - 63 = -3*l + 312. What are the prime factors of i/300 + 1/((-10)/(-5854))?
3, 5, 13
Let a = 103 - 98. Suppose a*t + 219 = 2*n - 208, 2*t - 6 = 0. List the prime factors of n.
13, 17
Let n be (24/14)/(4/(-28)) + 4. Let h be 8 + 4 + n - 7. List the prime factors of 1572/10 - h/(-15).
157
Let z = 1410 - 1293. What are the prime factors of z?
3, 13
Let t be (3 + 0)*(6 + -5). Let w(r) = -11*r + 16 - 8*r**2 + r**t - 10 + 15*r**2. What are the prime factors of w(4)?
2, 3, 23
Let g = 2140 + 1257. What are the prime factors of g?
43, 79
Let b(r) = r**3 + 4*r**2 + 8*r + 23. Let u be b(-3). What are the prime factors of 1/(u*(-8)/(-31296))?
3, 163
Let q(l) = 4*l**2 + 167*l + 2173. List the prime factors of q(-112).
3, 5, 2243
Suppose 179*o - 5693 = -b + 175*o, 0 = 5*b + 3*o - 28397. What are the prime factors of b?
7, 811
Suppose 140 = -3*m - 2*k, -2*m = 2*m + 3*k + 185. Let y be (1 - (-42)/(-30))/(2/m). What are the prime factors of 60/(-9)*(-24)/y?
2
Let j = 48906 + -22238. What are the prime factors of j?
2, 59, 113
Let u = -17275 + 26001. List the prime factors of u.
2, 4363
Let d(r) = 602*r**2 + 19*r - 54. List the prime factors of d(4).
2, 3, 1609
Let x(j) = -2*j**2 + 2*j - 1. Let k be x(2). Let q(m) = 429*m**2 - 3*m**3 + 0*m**3 - 438*m**2 - 11. What are the prime factors of q(k)?
139
Suppose -2*c + 96 = -3*y - 6*c, c = 5*y + 160. What are the prime factors of (58/5)/(y/(-2320))?
29
Let b(p) = -33*p - 2 - 6 - 14 + 3. List the prime factors of b(-3).
2, 5
Let b = -92033 + 154972. List the prime factors of b.
62939
Suppose -f = 3, 0 = -30*m + 35*m + 2*f - 27889. What are the prime factors of m?
7, 797
Suppose 0 = -2*r + 12*r + 22363 - 85073. List the prime factors of r.
6271
Suppose 8 = -3*v + 5*o, -4*o = -3*v - o - 6. Let n be (-21 + 4)/(v*3/(-3)). Let c(f) = f**3 + 18*f**2 + f - 7. What are the prime factors of c(n)?
5, 53
Let n(i) = -2*i - 44. Let b be n(-20). Let o be ((-10)/(-8))/(b/(-16)). Suppose -t + 443 = o*x, 0 = 3*x + t - 219 - 46. What are the prime factors of x?
89
Let p = -177 + 151. Let s = 62 + p. What are the prime factors of s?
2, 3
Let x be 1307*((-1 - -1) + -5 + 6). Suppose 0 = -5*l + f + x, 4*l + 2*f = 860 + 194. What are the prime factors of l?
2, 131
List the prime factors of -9*43/(645/(-3380)).
2, 3, 13
Let d = 19208 - 17262. What are the prime factors of d?
2, 7, 139
Suppose 0 = 5*y + f + 1020, 3*y + 199 = -4*f - 413. List the prime factors of 1076/((-24)/y + (-56)/(-102)).
2, 3, 269
Suppose 0*h = -h + 6. Let g be (-27)/12*(-4 - 16/(-6)). Suppose h*f - 3*u - 447 = 3*f, -g*f + 5*u = -447. List the prime factors of f.
149
Suppose 0 = -55*u + 62*u + 336. List the prime factors of (u/(-9))/(2/(-414)*-2).
2, 3, 23
Suppose 45*i - 90222 + 9710 = 13*i. List the prime factors of i.
2, 17, 37
Suppose 0 = -4*h - 2*h - 60. What are the prime factors of (-6)/h + -1 - 72345/(-175)?
7, 59
Let q = 9759 - -32482. What are the prime factors of q?
53, 797
What are the prime factors of 3715 - 20 - 6/2?
2, 13, 71
Suppose 3*z - 100 - 659 = -3*y, 3*z = 4*y - 1033. Let g = y - 133. List the prime factors of g.
3, 41
List the prime factors of 13584/40*(-15)/(-2)*3.
3, 283
Let v(d) = 3*d**3 - 29*d**2 - 21*d - 65. Let j(c) = c**3 - 3*c**2 + c + 1. Let z(g) = -4*j(g) + v(g). What are the prime factors of z(-18)?
3, 5, 47
Suppose 3*r = -4*l + 27068, 0*l + 5*l + r = 33846. Suppose b - 11*x - 1364 = -14*x, 0 = -5*b - 5*x + l. What are the prime factors of b?
19, 71
List the prime factors of 20 + (-414189)/(13 + -22).
3, 103, 149
Let j(p) = 50*p**2 - 17*p - 245. What are the prime factors of j(-16)?
101, 127
Let y = -33 - -276. Suppose -f + y + 1441 = 5*o, f + 4*o = 1688. What are the prime factors of f?
2, 3, 71
Suppose -25*c = -20*c + 3615. Let r = c - -1055. List the prime factors of r.
2, 83
Let v(l) = -l - 6. Let q be v(-9). Suppose 0 = q*t + 4*t - 8253. Suppose 0 = 9*y - 18*y + t. What are the prime factors of y?
131
Let c = -43 - -48. Suppose c - 1 = t. Suppose u = -5*r - t*u + 260, -5*r = 3*u - 258. What are the prime factors of r?
3, 17
Let k be (-1)/((-10)/15)*-44. Let j be (0 + 6)*110/k. Let v(n) = 2*n**2 + 12*n - 17. List the prime factors of v(j).
3, 7
Suppose -415*p + 5286 = -409*p. List the prime factors of p.
881
Let x(j) = 2*j**2 - 11*j + 38. Let y be x(5). Suppose 5*u - y*f - 462 = -29*f, f = -u + 87. List the prime factors of u.
2, 3, 5
Let h = 40 - 32. Suppose -h*z + 3290 = -1854. What are the prime factors of z/4 - 1 - 2/(-8)?
2, 5
Suppose 0*y + 3*j + 7 = 2*y, 4*y + 2*j - 6 = 0. Suppose m = -y*m - 2868. List the prime factors of 1*14/(-63) - m/9.
2, 53
Let c = -23380 - -45832. List the prime factors of c.
2, 3, 1871
Let p = -8084 + 11813. What are the prime factors of p?
3, 11, 113
Let v(b) = 17922*b**2 - 39*b + 36. List the prime factors of v(1).
3, 11, 181
Let a(s) be the first derivative of 78*s**2 - 5*s - 21. List the prime factors of a(2).
307
Suppose -5*y + 4*z = -1680, -272 - 400 = -2*y - z. Suppose 190*m - 189*m = y. List the prime factors of m.
2, 3, 7
Let p = 2700 - 3800. What are the prime factors of p/(-40)*(-96)/(